(-1503 - (-42)/3)?
1489
Suppose -2*t + 62*w - 57*w = -4056, -3*t + w + 6058 = 0. List the prime factors of t.
2, 1009
Let z(w) = -w - 3. Let i be z(-3). Let x be (-1 - i)*-1*-1. List the prime factors of x/((6/99)/(-2)).
3, 11
List the prime factors of ((-19)/(-76))/((-2)/(-39400)).
5, 197
Let y = -2 + 3. Suppose 0 = -2*f + t + 103, t + y = -4. What are the prime factors of f?
7
Suppose -22*a + 19*a + 3972 = 0. List the prime factors of a.
2, 331
Let p(x) = -24*x - 3. What are the prime factors of p(-10)?
3, 79
Let p(h) = -3*h**3 + 5*h**2 + 8*h - 21. Let z(o) = 10*o**3 - 16*o**2 - 24*o + 63. Let i(k) = -7*p(k) - 2*z(k). What are the prime factors of i(6)?
3
Let a(x) = -9*x**2 + 144*x - 9. List the prime factors of a(10).
3, 59
List the prime factors of (-135)/180*(-3176)/6.
397
Let g = 3961 - 245. What are the prime factors of g?
2, 929
Suppose 0 = -6*t + 2*t. Suppose 2*y - 3*z - 90 = t, y + 191 = 6*y + z. List the prime factors of y.
3, 13
Let o be (-32)/(-48)*3/2. Let q = o + -11. Let s = 12 - q. List the prime factors of s.
2, 11
What are the prime factors of (-173555)/(-206) - (-10)/(-4)?
2, 3, 5, 7
Let c = 17 - 16. Let z(t) = t + 1. Let u be z(c). Suppose -4*s = -u*w + 54, -3 = -2*s - 5. List the prime factors of w.
5
What are the prime factors of (-8571)/(-9) + 5/(-15)?
2, 7, 17
Let u be (-3 - -2)*1*-1. Suppose 4*i - u = 3*n, i + 3*i = 5*n - 9. Suppose 2*k - 5*z = 105, -z + 51 = -n*k + 348. What are the prime factors of k?
2, 3, 5
Let o be (-23)/(-4) + (-18)/24 + -3. What are the prime factors of ((-88)/6)/((-3)/(27/o))?
2, 3, 11
Suppose 16*f - 5388 = 3396. List the prime factors of f.
3, 61
Suppose -12*a = -11*a - 495. List the prime factors of a.
3, 5, 11
Let m = -21 + 21. Suppose 0 = 2*w - 8 - m. Suppose -w*i - i = -85. What are the prime factors of i?
17
Let q = -9 + 13. Suppose -47 - 85 = -q*y. Let b = y + -13. List the prime factors of b.
2, 5
Let y be (0 - -5) + (-1)/1. Suppose 24 = u + y*c, -5*u + 0*c = -5*c - 195. List the prime factors of 43/9 + 8/u.
5
Let p(z) = z. Let d(b) = 4*b**2 + 2*b + 4. Let y(j) = d(j) + 5*p(j). List the prime factors of y(-4).
2, 5
Let h(a) = 5*a + 198. What are the prime factors of h(-35)?
23
Let s = -75 - -80. List the prime factors of (-6 - -4) + s + 7*17.
2, 61
Suppose 0 = -m - 1, c - 5*m = -4*m + 1. Suppose c = 3*x + 3*f - 42, 2*f = -0*x + 4*x - 62. Let o = x + -6. What are the prime factors of o?
3
Let l = 74 + -37. Suppose 55 = 38*v - l*v. What are the prime factors of v?
5, 11
Let l(u) = -u**3 - 5*u**2 - 8*u - 6. Let z be l(-4). What are the prime factors of ((-130)/(-4))/(5/z)?
5, 13
Let u be (8 + -6)/(1/2). List the prime factors of (-238 + u)/(-6)*(-1 - -2).
3, 13
Let t = 10318 + -6228. List the prime factors of t.
2, 5, 409
Let s = -1616 - -2766. Let p = s + -817. What are the prime factors of p?
3, 37
Suppose 16*s - 3440 = 6*s. What are the prime factors of s?
2, 43
Suppose 0 = 2*h + 3*h - 1715. Suppose -m - 6*m = -h. List the prime factors of m.
7
Suppose 0 = -2*m + 4*l + 804, 0 = -5*m - 5*l - 346 + 2416. What are the prime factors of m?
2, 5, 41
Let l(v) = 10*v + 15. Let d be l(7). Suppose 8*h = 3*h + d. Let u = h - 9. What are the prime factors of u?
2
Suppose -214 - 110 = -6*o. Let n = o + -39. Suppose -18*g + 36 = -n*g. What are the prime factors of g?
2, 3
Let f = 125 - 74. What are the prime factors of (10/(-15))/((-1)/f)?
2, 17
Let w(t) = 26*t**2 + 5*t + 106. What are the prime factors of w(-5)?
17, 43
Let d be (8/12)/(-2)*-9. List the prime factors of 27*(-1 - -4)/d.
3
Suppose 360 = -56*p + 62*p. List the prime factors of p.
2, 3, 5
Let w(n) = 12*n**2 + 17*n - 179. List the prime factors of w(6).
5, 71
Let z = 11 + -12. Let w be 2/z - (-8 + 3). Suppose -5*k - 147 = -w*p, -50 + 149 = 2*p - 3*k. List the prime factors of p.
2, 3
Let l(p) = p**3 + 33*p**2 + 40*p - 90. List the prime factors of l(-27).
2, 3, 89
Suppose -5*r + 104 = 14. Suppose 0 = -9*y + 12*y - r. What are the prime factors of y?
2, 3
Let w(u) = u - 1. Let l(z) = 2*z - 12. Let n(x) = l(x) + 4*w(x). List the prime factors of n(17).
2, 43
Let j be 0/(1 + 3/(-1)). Suppose -5*h - 3*o = -425, j*h + 62 = h - 4*o. What are the prime factors of h?
2, 41
Let v(o) = o. Let t(c) = 68*c**2 - 6*c + 1. Let m(i) = t(i) + 5*v(i). List the prime factors of m(-1).
2, 5, 7
Let j be (4/6)/((-4)/(-66)). Let v = 14 - j. Suppose -b = v*b - 76. List the prime factors of b.
19
Suppose o + 4*u + 7 = 0, -3*o = -u - 2 - 3. Let h be (o/2)/((-4)/96). Let m = h + 44. List the prime factors of m.
2
Let o be -3 + 12/(5 + -1). Suppose -4*u + o = -8. Suppose u*t + 3 = 75. What are the prime factors of t?
2, 3
Let q be -62*(1/(-2) - -1). Suppose 4*m + g - 173 = 0, 3*m - 2*g - 127 = -0*m. Let i = m + q. List the prime factors of i.
2, 3
List the prime factors of 281/((-3)/(-9) - 0/3).
3, 281
Let z(a) = -14*a - 4. Let b be z(-7). Let d = b - 41. What are the prime factors of d?
53
Suppose -4*t = -0*t - 32. Let c = t + -1. What are the prime factors of 54/21 + 3/c?
3
Let c = 424 - 147. List the prime factors of c.
277
Suppose -8 = 3*q - 5*q. Suppose -29 = -6*r + 19. Suppose c - r - q = 0. What are the prime factors of c?
2, 3
Suppose 0 = -2*k - 2*y + 3*y + 4, -5*k = -2*y - 10. Suppose -k*m - 16 = 2*m. Let q = m + 18. What are the prime factors of q?
2, 7
Let b(v) = -v**2 + v + 4. Let r be b(3). Let q(z) = -64*z - 9. List the prime factors of q(r).
7, 17
Let p = 544 + -504. What are the prime factors of p?
2, 5
Suppose 3*m + o = 592, m - 9 = -5*o + 207. Suppose -5*u + 4 = -m. List the prime factors of u.
2, 5
Suppose 3*y - 218*a + 222*a - 397 = 0, 4*y + 5*a = 528. List the prime factors of y.
127
Suppose -2*v + 1682 = 316. List the prime factors of v.
683
Let k = 2738 - 1226. What are the prime factors of k?
2, 3, 7
Let l(g) = g**2 + 8*g + 10. Let k(y) = -25*y**2 + y**3 + 0*y**3 + 34*y**2 + 9*y + 1. Let o be k(-8). What are the prime factors of l(o)?
3
Suppose -44*m - 2676 = -46*m. List the prime factors of m.
2, 3, 223
Suppose 4*v = 3*u - v - 275, -2*v = u - 88. What are the prime factors of u?
2, 3, 5
Let h(b) = -78*b**2 - 1. Let c be h(-1). Let a = c + 55. What are the prime factors of (-11)/(-4) + (-6)/a?
3
Let d(q) = -7*q**3 - 3*q**2 - 3*q + 3. Let c(w) = -w**3 + w**2 - w - 1. Let b(s) = 6*c(s) - d(s). What are the prime factors of b(-8)?
79
Let k be 14/10 + (-36)/(-60). What are the prime factors of (-1 - -1) + 90/k?
3, 5
Let u = 680 - 258. What are the prime factors of u?
2, 211
Let n(u) = u**3 - 3*u**2 + 44. Let f(q) = -q**3 - 4*q**2 - 2*q - 8. Let y be f(-4). What are the prime factors of n(y)?
2, 11
Suppose 4*f = 12277 + 2443. What are the prime factors of f?
2, 5, 23
Let d(u) be the third derivative of -u**6/120 - u**5/30 - u**4/24 + u**3/2 - 3*u**2. Let z be d(-2). Suppose -8*k + 126 = -z*k. What are the prime factors of k?
2, 3, 7
Let h(b) be the third derivative of 1/120*b**6 - 1/5*b**5 + 0*b + 0*b**4 + 3/2*b**3 + 0 + 4*b**2. List the prime factors of h(12).
3
Let x be 1 + -2 - (-3)/1. Let y(c) = -2*c**3 - 2*c**2 - 3*c + 2. Let p(q) = q**3 + q**2 + q - 1. Let o(f) = 3*p(f) + y(f). What are the prime factors of o(x)?
11
Suppose 0 = 3*k + v - 29, -5*k + 3*k + v = -16. Suppose -k*a + 11*a = 142. What are the prime factors of a?
71
Let f(w) = w**3 + 16*w**2 + 16*w + 15. Let n be f(-15). Suppose -r + 322 - 96 = n. List the prime factors of r.
2, 113
Suppose -2*g + 803 + 487 = 0. Suppose -4*m + 1378 = b + 506, -3*m - 3*b = -g. What are the prime factors of m?
3, 73
Let h(z) = 2*z**3 + 4*z**2 - 3*z + 1. Let s be h(-4). Let j = 101 + s. List the prime factors of j.
2, 5
List the prime factors of ((-26550)/(-22) - -1) + 2/11.
2, 151
Suppose 3*y + 3 = 0, 10*m + 5*y = 5*m - 30. Let s(u) = 4*u - 1 + 2*u**2 - 2 + 4 - u**2. List the prime factors of s(m).
2, 3
Let p be (3/(6/(-188)))/(3/(-3)). Let a = -64 + p. What are the prime factors of a?
2, 3, 5
Let s be 15/(-20) - 22/(-8). Suppose 5*x = -2*d - 23, -2*x = -s*d + d + 2. What are the prime factors of 27 + 0 + (x - -1)?
5
Suppose 2*r + 22 = w + 5*r, -34 = -w + 3*r. Let v = -8 + w. Let k = -4 + v. What are the prime factors of k?
2
Let c = 2427 - 1599. List the prime factors of c.
2, 3, 23
Let u(i) = -5*i. Let q be u(-1). Suppose -6*v + q*v = -88. List the prime factors of v.
2, 11
Suppose -1739 = -3*